 x(-4).
17
Let z = 8 - 8. Suppose z = 3*b - 8*b + 365. What is the remainder when b is divided by 25?
23
Let q = 19 + 8. Calculate the remainder when q is divided by 10.
7
Let v(b) = 2*b**2 + 7*b - 1. What is the remainder when v(-7) is divided by 17?
14
Let k(p) = -1 - 1 + 2*p - 8. Let c be k(7). Suppose -l + 4*a + 15 = 5, c*a = -2*l + 8. What is the remainder when 11 is divided by l?
5
Suppose 9 = 5*f - 71. What is the remainder when 78 is divided by f?
14
Let s(t) = -16*t**2 - 2*t + 1. Let k be s(1). Let d = -9 - k. Suppose -3*c - 2*j = -5 - 54, -2*j - 79 = -3*c. What is the remainder when c is divided by d?
7
Let o(n) = -n**3 + 5*n**2 - 4*n + 2. Let r be o(4). Suppose 3*b + 0*j - 33 = -2*j, 3 = r*b - 5*j. Calculate the remainder when 17 is divided by b/15 - 27/(-5).
5
What is the remainder when 75 is divided by (-1)/(-5) + 64/5?
10
Let u = 87 + -83. What is the remainder when 26 is divided by u?
2
Let x = 5 - -24. Suppose -5*s - x = -159. Let l = 35 + -21. What is the remainder when s is divided by l?
12
Let u = 50 + -23. Calculate the remainder when 76 is divided by u.
22
Suppose 0 = 5*u + g - 185, -u = 2*u - 5*g - 111. Calculate the remainder when u is divided by 10.
7
Suppose -10*m + 11*m = 16. Calculate the remainder when m is divided by 9.
7
Suppose 4 = 4*t + 4*k, 4*t + 3*k - 4 = 2*t. Let m(r) = -27*r - 1. Calculate the remainder when m(t) is divided by 14.
12
Suppose 5*h - 12 = -0*h - 2*i, 4*h - 12 = -4*i. Suppose -65 = -5*k - h*q, 5*k - 85 = 6*q - 4*q. Calculate the remainder when 44 is divided by k.
14
Let p be (0/(7 + -3))/(-1). Let n(v) = -3*v + 3. Calculate the remainder when 7 is divided by n(p).
1
Calculate the remainder when 117 is divided by (16/(-20))/(1 + (-62)/60).
21
Suppose 2*j - 11 = 3*n, j - 16 = -0*j + 5*n. Suppose d = 2*d - j. Suppose -4*y = 8, 0 = 5*u - y - y - 9. What is the remainder when u is divided by d?
0
Let o(p) = -p**3 - 5*p**2 - 6*p - 2. Let b be o(-5). Suppose -2*x = -b - 8. Calculate the remainder when 70 is divided by x.
16
Suppose -5*g + 27 = 2. Let k(u) = -u**3 + 6*u**2 - 5*u + 3. Let y be k(g). Suppose 3 + 6 = y*d. What is the remainder when 4 is divided by d?
1
Calculate the remainder when 14/63 + (-1371)/(-27) is divided by 13.
12
Let n be (0/1)/((-2)/(-2)). Suppose -5*f = -15, 3*x = -2*f - n*f + 111. Calculate the remainder when x is divided by 19.
16
Let s = 12 - 11. What is the remainder when s is divided by 1?
0
Let l = -46 - -64. Calculate the remainder when 52 is divided by l.
16
Suppose 3*w = 4*r - 4 + 13, r = -5*w + 38. Let l(o) = 5*o**3 - o**2 + o - 1. Let x be l(1). Calculate the remainder when w is divided by (-125)/(-45) - x/(-18).
1
Let o(a) = -3*a - 3. Suppose -q = -8*q + 147. What is the remainder when q is divided by o(-5)?
9
Let s(m) = 5*m - 3. Suppose -2*b - 3*b + 170 = 0. Calculate the remainder when b is divided by s(3).
10
Let u(p) = -p**3 + 5*p**2 - 2*p - 1. Let n(i) = -i**3 + i**2 + 18. What is the remainder when n(0) is divided by u(3)?
7
Let y = 7 + 14. Suppose u = -2*j + 34, 1 = -2*u - 3. Suppose 4 + j = 2*f. What is the remainder when y is divided by f?
10
Let p(l) be the second derivative of 19*l**4/12 - l**2/2 + 3*l. Suppose 0 - 1 = t. Calculate the remainder when 34 is divided by p(t).
16
Suppose 5*p + 0*p = 80. Let f = 49 + 12. What is the remainder when f is divided by p?
13
Suppose -3 = 2*i - 47. Let a(d) = -2*d**2 + 4*d + 5. Let v be a(4). Let x = -3 - v. Calculate the remainder when i is divided by x.
6
Let w = 65 + -44. What is the remainder when w is divided by 12?
9
What is the remainder when (-24)/(-84) - (-542)/14 is divided by 14?
11
Let h(n) = n**2 + n - 4. Suppose 5*u + 10 = -5. Let f(b) = b**3 - 15*b**2 + 13*b + 15. What is the remainder when h(u) is divided by f(14)?
0
Suppose 130 = 3*z + 2*z. Let t = 1 - 3. Calculate the remainder when z is divided by (-27)/t + (-2)/(-4).
12
Suppose -2*s = -7*s + 75. Let m be ((-4)/8)/((-1)/10). Suppose 37 = 5*v + 3*g, m*v - 54 + 15 = -g. What is the remainder when s is divided by v?
7
Suppose -2*i + 0*i + 76 = 0. Suppose -3*w + 4 = -26. What is the remainder when i is divided by w?
8
Let y = -8 - -38. What is the remainder when y is divided by 8?
6
What is the remainder when 109 is divided by -28*(10/15)/((-12)/9)?
11
Let m(l) = 4*l**2 - 6*l + 10. Let a = -23 + 40. What is the remainder when m(3) is divided by a?
11
Let w(p) = p**2 + 4*p - 31. What is the remainder when w(-9) is divided by 10?
4
Suppose 0 = 7*j - 7. Suppose -1 = -2*g - 2*l + 3*l, 0 = 5*g + 2*l - 7. Calculate the remainder when g is divided by j.
0
Suppose -135 = -15*n + 10*n. What is the remainder when n is divided by 7?
6
Suppose h = -1 + 3. Let k(t) = t**3 - 6*t**2 + 1. Calculate the remainder when h is divided by k(6).
0
Let x(o) be the third derivative of -o**4/8 - o**3 - 5*o**2. Calculate the remainder when 20 is divided by x(-6).
8
Suppose v + 4 + 5 = 0. Let j(y) be the first derivative of -3*y**2/2 - 11*y + 52. Calculate the remainder when 61 is divided by j(v).
13
Suppose -2*t - g + 24 = 0, 0*g = -5*t + 4*g + 47. Let v = -10 - -7. Calculate the remainder when (-3)/1*32/v is divided by t.
10
Suppose -5*i + 1 - 6 = -4*q, -2*i + 31 = 5*q. Calculate the remainder when 17 is divided by i.
2
Suppose -v + 0*d - 5*d = -3, -3*v = 5*d - 49. What is the remainder when v is divided by (-2)/7 - 88/(-14)?
5
Let j(u) = -8*u - 28. Calculate the remainder when j(-11) is divided by 16.
12
Suppose 2*u - 22 = -y, u + 5*y = -2*u + 19. Calculate the remainder when 50 is divided by u.
11
Suppose -7*b + 8 = -3*b. Suppose -b*k = -k - 16. What is the remainder when 46 is divided by k?
14
Let a(s) = s + 14. Let p be a(-17). Let b(k) = 5*k**2 + 4. Let c(d) = -d**2 + 10*d - 3. Calculate the remainder when b(p) is divided by c(8).
10
Suppose -a + 5 = -1. Let m = a + 7. What is the remainder when 51 is divided by m?
12
Let j = 169 - 158. What is the remainder when 28 is divided by j?
6
Suppose 0 = 4*h - 6*h + 4. Let d be 2 + -2*2/4. Calculate the remainder when -1 - (-1)/d*3 is divided by h.
0
Let i = 8 + 4. What is the remainder when 31 is divided by i?
7
Calculate the remainder when 2/4 + (-931)/(-14) is divided by 23.
21
Calculate the remainder when 4/(((-24)/114)/(-4)) is divided by 11.
10
Suppose 27 = -3*i - 15. Let l = i - -20. Calculate the remainder when 10 is divided by l.
4
Suppose 6*u = 8*u - 218. Calculate the remainder when u is divided by 22.
21
Let o(k) = 2*k + 4. Calculate the remainder when 81 is divided by o(4).
9
Let s = 28 + -19. Let d(j) = j**3 - 8*j**2 + j - 4. Let f be d(8). Let i(y) = 2*y**2 - 3*y + 5. Calculate the remainder when i(f) is divided by s.
7
Suppose -69 = -d - 23. Suppose -3*r + 252 = -r. Calculate the remainder when d is divided by r/8 + 4/16.
14
Let j = 7 - -7. Let k(d) = 6*d**2 + d. Let p be k(-1). Suppose 2*b - 94 = 3*f, 2*b + p*f - 76 + 14 = 0. Calculate the remainder when b is divided by j.
13
Let o be (-1)/5 + 12/(-15). Let p = 9 + o. Calculate the remainder when 14 is divided by p.
6
Let b(m) = m**2 - 2*m + 4. Let u(z) = -z**3 + 18*z**2 - 17*z + 7. Calculate the remainder when b(4) is divided by u(17).
5
Suppose c = -4*t + 8, c - 6 = -c + 2*t. What is the remainder when 7 is divided by c?
3
Let q(t) = 3*t**3 - 2*t**2 - 2*t + 4. Let n(k) = 2*k**3 - 3*k**2 - k + 4. Let c(o) = 4*n(o) - 3*q(o). Calculate the remainder when c(-7) is divided by 21.
18
Suppose -12 = -4*h, 3*h - 7 + 2 = 4*c. Let i(t) = -c - 2 + 0 - t. Calculate the remainder when 13 is divided by i(-10).
6
Let r = -171 - -210. What is the remainder when r is divided by ((-3)/5 - -1)*15?
3
Suppose 3*g = 87 + 45. What is the remainder when g is divided by 23?
21
Let b be (-5)/((-20)/26)*2. Suppose b = -3*t + 331. Calculate the remainder when t is divided by 36.
34
Let j = -454 + 270. Calculate the remainder when 18 is divided by (-2)/3 - j/24.
4
Let p = -21 - -24. Suppose 195 = -0*l + p*l. What is the remainder when l is divided by 98/6 - 6/(-9)?
14
Suppose 12 = 4*n - 3*n. What is the remainder when 58*6/4*12/18 is divided by n?
10
Suppose -66 = -3*p + 84. Let t = -31 + p. Calculate the remainder when 37 is divided by t.
18
Suppose 3*y - 19 = 5. Calculate the remainder when 14 is divided by y.
6
Let g(c) = c**3 + 3*c**2 - 8*c + 5. Let r be g(-6). Suppose s = 4*p + 97,